6 = -p. Calculate the remainder when x is divided by 1.
0
Suppose -4*l = 2*l - 54. Let b = 2 + 3. Calculate the remainder when l is divided by b.
4
Suppose -238 = -8*d + 234. What is the remainder when 293 is divided by d?
57
Let t(d) = -3*d + 2. Let l be t(2). What is the remainder when l/(176/92 - 2) is divided by 24?
22
Let c(n) = -2*n - 11. Let l be c(-7). Suppose -2*j - 13 = -l*j. What is the remainder when j is divided by 7?
6
Suppose 4*a = 4*t + 44, 5*t + a = -2*a - 39. Calculate the remainder when 37 is divided by (1 - 0)/(t/(-171)).
18
Let d be 1/(-3) - 4/(-3). Let o = 28 + -13. Calculate the remainder when o is divided by 1 + 6 + 1/d.
7
Let o(k) = k + 8. Let y be o(-5). Suppose -4*v - 1 = 7. Calculate the remainder when 7 is divided by v/y*9/(-2).
1
Let u be 2/(-10) - 48/(-15). Suppose -2*d + 100 = 3*d + 5*c, -3*d = -u*c - 48. Calculate the remainder when d is divided by 5.
3
Suppose 0 = 5*v + 5*o, 0 = -v - v - o + 3. What is the remainder when 37 is divided by v - (-1)/((-3)/(-30))?
11
Suppose -2*k = -28 + 8. What is the remainder when 17 is divided by k?
7
Let t = 39 - 28. Let l(x) = x**3 + 6*x**2 - 4*x - 7. Let v(k) = 1. Let s(m) = l(m) + 4*v(m). What is the remainder when s(-6) is divided by t?
10
Let h(v) = -v + 6. Let u be h(6). Let j(o) = -o**3 + o**2 + o + 2. Let f be j(u). Calculate the remainder when 26 is divided by (-1)/(-2)*f*14.
12
Let m = 34 - 26. What is the remainder when 45 is divided by m?
5
Let b(f) = 3*f**2 + f. Let a be b(-1). Let d(t) = -12*t + 5 + 0*t**2 + t**2 + a*t + 0. Calculate the remainder when d(10) is divided by 3.
2
Let b(q) = 7*q**2 + 3*q - 13. Calculate the remainder when 101 is divided by b(2).
17
Let s(y) = -y + 7. Let h be s(3). Suppose 15 = 3*d + 3*m, 19 = d + h*d - m. What is the remainder when 10 is divided by d?
2
Let o be 3/(-2)*-2*7. Suppose m = -p + 7, m + 5*p + o = 3*m. What is the remainder when 14 is divided by m?
6
Suppose -2*i = 3*u - 10, i + 8 = 5*i. Let g = 42 - u. Suppose 5*j = 18 + 52. What is the remainder when g is divided by j?
12
Let d = 3 + 2. Suppose -76 = -4*u + 4*y, 23 = u - d*y - 16. What is the remainder when u is divided by ((-1)/2)/((-2)/32)?
6
Let u be (-44)/(-6) + 8/(-24). Suppose u*l = 5*l + 20. Calculate the remainder when 38 is divided by l.
8
Suppose -3*y - 41 = -2*m, -4*m - 5*y - 5 + 120 = 0. Suppose -15 = -5*q + m. Suppose 3*s - q - 7 = 0. Calculate the remainder when s is divided by 3.
2
Let z = 13 + -1. Calculate the remainder when (0 - 4)*(-20)/4 is divided by z.
8
Suppose 2*q - q = 8. What is the remainder when 86 is divided by q?
6
Let d be ((-78)/15)/(1/10). Let h = d + 78. What is the remainder when h is divided by 9?
8
Suppose -5*d - 24 = -o, -3*o - o - 2*d + 162 = 0. What is the remainder when o is divided by 12?
3
Let i(a) = -2*a - 4. What is the remainder when i(-7) is divided by 18/4*2/3?
1
Suppose w = 2*w - 58. What is the remainder when w is divided by 30?
28
Suppose -30 = 3*d - 0*d. Let y = d - -7. Calculate the remainder when 11 is divided by 4*1/((-3)/y).
3
Let v(x) = 0*x + x**2 - x - 6 + 4. Calculate the remainder when 38 is divided by v(-3).
8
Let c = 25 + -18. Calculate the remainder when 53 is divided by c.
4
Let j(u) = u**2 + u + 6. Let o be j(0). Suppose 3*l = o*l - 102. What is the remainder when l is divided by (-9 + 5)*9/(-2)?
16
Suppose -5*u + 300 = -u. What is the remainder when u is divided by -2 - (-414)/15 - (-16)/40?
23
Let h be (-3)/(-2)*(-16)/(-12). Suppose h*n - 23 - 45 = 0. What is the remainder when n is divided by 12?
10
Let d(z) = z**3 + z**2 + z + 24. What is the remainder when 46 is divided by d(0)?
22
Let t = -35 - -49. Calculate the remainder when t is divided by 3.
2
Suppose 7*b - 31 = 207. Calculate the remainder when 135 is divided by b.
33
What is the remainder when (-3)/(12/40*-1) is divided by 4?
2
Suppose 0 = 3*i + 15 + 3. Let c be i*((-20)/6)/(-2). Let k = -5 - c. Calculate the remainder when 14 is divided by k.
4
Suppose -k = -4*k + 36. What is the remainder when 47 is divided by k?
11
Let h = 81 + -56. Let o = 61 + 38. Calculate the remainder when o is divided by h.
24
Let w = 12 + -7. Let y = w - -3. What is the remainder when 29 is divided by y?
5
Let s be (-2)/(-5) + (-1512)/(-45). Let d = s + -18. What is the remainder when 61 is divided by d?
13
Suppose 245 = 3*q - 67. Suppose -z + 14 + 4 = 3*h, -12 = -4*z. Suppose h*x = 16 + q. What is the remainder when x is divided by 13?
11
Suppose -3*x - 2 + 5 = 0. Let q = -5 + x. Calculate the remainder when 19 is divided by q*((-15)/(-2))/(-3).
9
Let n = -49 - -66. Let y = 111 + -79. Calculate the remainder when y is divided by n.
15
Let c(o) = -2*o + 12. Let i be c(5). Suppose i*k - 15 = -3*k. Calculate the remainder when 9 is divided by k.
0
Let c(u) = -2*u**2 - 25*u - 7. What is the remainder when c(-11) is divided by 10?
6
Let z(c) = c**3 + c**2 - 3*c + 4. Let t be z(-3). Let k = -2 - t. What is the remainder when k is divided by 1?
0
Suppose 2*s = -3*s - f + 116, -s = -f - 22. What is the remainder when s is divided by 10?
3
Let a(p) = 28*p - 14. What is the remainder when a(4) is divided by 20?
18
Let l(u) = -8*u - 2. Let m be l(-2). Calculate the remainder when 13 is divided by -2*(-3)/12*m.
6
Let b = -6 - -7. Suppose 31 = 5*x - 2*s - b, -x + 4 = 2*s. What is the remainder when x is divided by 3?
0
Suppose 6*f = -5*u + 2*f + 71, 3*f = 2*u - 33. Let w(j) = -3*j - 9 + u - 3. What is the remainder when w(-6) is divided by 8?
5
Let u = -33 + 41. What is the remainder when 79 is divided by u?
7
Calculate the remainder when (-2)/(-3)*-3 - -11 is divided by 24/2*(-43)/(-86).
3
Let l(f) = -f**3 + 4*f**2 + 4*f - 3. Let z be l(5). Let q = 8 + z. Suppose 3*a - 12 - 30 = q. Calculate the remainder when a is divided by 8.
6
Let t be (-1)/((-2)/(-4)) + -232. Calculate the remainder when 6/21 - t/14 is divided by 9.
8
Let d = -6 + 29. What is the remainder when 890/(-15)*9/(-6) is divided by d?
20
Suppose 12*b + 104 = 16*b. What is the remainder when 49 is divided by b?
23
Suppose 8 = 2*p + 4*m, 4*m - 4 = -4*p + 12. What is the remainder when 11 is divided by p?
3
Suppose 3*x = -24 - 30. Suppose -9 = -3*j + 3. What is the remainder when 21 is divided by 291/27 - j/x?
10
Suppose -3*f = -10 - 5. Calculate the remainder when 19 is divided by f.
4
Let i = 15 + -4. Let v(x) be the first derivative of x**4/4 + 3*x**3 + 6*x - 2. What is the remainder when i is divided by v(-9)?
5
Let l = -161 + 293. Suppose j + j = l. Calculate the remainder when 14 is divided by (-6)/24 + j/8.
6
Let l(a) = a**2 + 4*a - 4. Let x = 25 - 17. Let h = x - 14. What is the remainder when 30 is divided by l(h)?
6
Let f(p) be the first derivative of p**4/4 - p**3 + 3*p - 3. Suppose -5*n = 2*x + 15, -x + 4*n - 5*n = 0. Calculate the remainder when f(x) is divided by 18.
17
Suppose -4*d = -p + 11 - 48, 5*d - 20 = -4*p. What is the remainder when 63 is divided by d?
7
Let u = 10 + -4. Calculate the remainder when 46 is divided by u.
4
Suppose 0 = -5*o + 94 + 36. Let t = 0 + 14. Calculate the remainder when o is divided by t.
12
Suppose n = 2*m - 88 + 10, -144 = -4*m - 4*n. Let i = 79 - m. Suppose f + 28 = 3*f. What is the remainder when i is divided by f?
13
Let r(w) = 4*w + 4. Let c be r(-2). Let a = 7 + c. What is the remainder when a is divided by 1?
0
Let d = -38 - -96. What is the remainder when d is divided by 30?
28
Let u(l) = l**3 - 11*l**2 - 11*l - 5. What is the remainder when u(12) is divided by 3?
1
What is the remainder when (-1568)/(-35) - (-3)/15 is divided by 7?
3
Let k(g) = g**3 + 4*g**2 - 6*g - 2. Calculate the remainder when 5 is divided by k(-5).
2
Let u = -35 - -40. Calculate the remainder when u is divided by 4.
1
Let k(t) = 11*t - 7. Let w(a) = a**2 - 5*a + 3. Let f be w(5). Suppose -8*i = -f*i - 65. Calculate the remainder when k(4) is divided by i.
11
Calculate the remainder when -2 + 83 + (-30)/10 is divided by 8.
6
Let k(n) = 4*n - 4. Let b be k(-4). Calculate the remainder when 13 is divided by 29/4 - (-5)/b.
6
Let s(t) = t**2 - 15*t + 10. Calculate the remainder when s(15) is divided by 6.
4
Let p = 20 - 5. Calculate the remainder when 27 is divided by p.
12
Calculate the remainder when ((-2)/6)/(7/(-357) + 0) is divided by 6.
5
Let l = -4 + 7. Suppose 11*k = 14*k - 6. Wha